-2*q + 541, -2*j + 191 = q - 83. Calculate the highest common divisor of q and l.
34
Suppose -4691 = -18*r + 15*r + 5*p, 0 = r + 5*p - 1557. Calculate the greatest common divisor of 22 and r.
22
Let f = 20 - 18. Suppose 0 = -3*a - f*y + 17, -4*a + 25 = a + 5*y. Suppose -a*t = -8*t + 7. Calculate the highest common divisor of 77 and t.
7
Suppose -265 - 176 = 5*s + 3*w, 437 = -5*s - w. Let m = -51 - s. Let a = 2 + 22. What is the highest common factor of a and m?
12
Suppose 8*c - 5*c = 726. What is the greatest common divisor of c and 88?
22
Suppose -4*g + 11*g = 70. Suppose -g*k + 14*k - 748 = 0. Calculate the greatest common factor of k and 17.
17
Suppose 2*w + 2*v = 789 - 187, -v + 598 = 2*w. What is the highest common factor of w and 9?
9
Let q(h) = -h**2 + 7*h + 58. Let g be q(8). Calculate the greatest common divisor of 550 and g.
50
Suppose 3*k + 2759 = 6*k - q, -20 = 4*q. What is the highest common factor of 68 and k?
34
Let m be (312/(-36))/((-10)/75). What is the highest common divisor of 715 and m?
65
Let m be (-22)/8*(-13 + 9). Suppose -i = 26 - m. Let h = 30 + i. What is the greatest common divisor of 75 and h?
15
Let x(m) = -5*m - 43. Let k be x(-9). Suppose -g - 87 = -2*v - 2*g, k*v - 90 = 2*g. Calculate the greatest common divisor of v and 22.
22
Suppose -93 = -q - 5*o, 2*q + 225 = 5*q - 3*o. What is the highest common divisor of 546 and q?
78
Suppose -14*p = -9*p + 3*s - 2166, 0 = p - 5*s - 450. Calculate the greatest common divisor of p and 15.
15
Let z(h) = -4*h + 29. Let v be z(0). Let k(y) = y**3 - 7*y**2 + 9*y + 18. Let f be k(9). What is the highest common factor of f and v?
29
Suppose f - 4*n = -7*n + 1, 5 = f - n. Suppose f*a = -5 + 13. Let s(o) = o**2 - 1. Let c be s(a). Calculate the greatest common factor of c and 15.
3
Suppose f + 2 = 5*g + 4, -f - 3*g = -18. What is the highest common factor of 492 and f?
12
Suppose -p - 33*r + 242 = -34*r, -5*r + 236 = p. Calculate the highest common divisor of 1 and p.
1
Let g be 5/(((-3)/(-42))/1). Calculate the greatest common factor of g and 50.
10
Let n(w) = 6 - 5 + 4 + 8*w. Let g be n(5). Let y = 43 + g. What is the greatest common divisor of 8 and y?
8
Let p = 1872 + -960. Calculate the highest common divisor of 57 and p.
57
Suppose 0 = 3*p - 58 + 58. Suppose p = -5*d + 189 - 9. What is the greatest common factor of d and 18?
18
Let m be 230/5*1 - 3. Let u = 65 - m. Suppose -2*k + 3*k - 22 = 0. What is the greatest common factor of k and u?
22
Suppose 0 = 5*k - 248 - 627. Calculate the highest common factor of k and 100.
25
Suppose 0*m = -4*m - 2*o + 2082, 3*o + 1037 = 2*m. What is the greatest common factor of 40 and m?
40
Suppose 13*v + 12*v = 2300. What is the greatest common divisor of 46 and v?
46
Suppose 2*i = -3*n - n + 16, -2*i - 4 = 0. Suppose -4*v + n*z = 36, v + 4 = -v - z. Let w = v - -20. Calculate the highest common divisor of 40 and w.
8
Suppose -185 - 123 = -11*q. Let d(i) = 20*i**3 + i**2 - i + 1. Let a be d(1). What is the greatest common factor of q and a?
7
Let h(a) = a**3 - 24*a**2 + 6*a - 131. Let o be h(24). Calculate the greatest common divisor of 208 and o.
13
Suppose -5*i = -16 - 4. Let j(r) = -r**3 + 5*r**2 + 3*r + 2. Let t be j(i). Let q be t/4*16/6. Calculate the highest common factor of 8 and q.
4
Let t(d) = -d**2 + 28*d + 22. Let j be t(24). Suppose -2*b - 4*r + 92 = -12, -3*r = -2*b + j. Let n = 14 - 6. What is the highest common divisor of n and b?
8
Suppose 0 = 5*x + 3*v - 3838 + 863, -2*x = v - 1189. Calculate the greatest common factor of 222 and x.
74
Let u = -35 + 70. Calculate the highest common divisor of u and 7.
7
Let h(y) = -y**3 - y**2 - y + 30. Let f be h(0). Let x = f - 24. Let u be (x/9)/((-3)/(-288)). Calculate the greatest common divisor of u and 8.
8
Suppose -o - 4*t - t + 29 = 0, -2*o = 5*t - 53. Suppose -9*a - 3*a + 672 = 0. What is the greatest common factor of o and a?
8
Let n be (-4)/(-6)*(-156)/(-8) - -6. Suppose -20 = -5*p - 5*u, 4*u - 16 = -p - 0*u. Suppose p = 2*r - 3*r + 57. Calculate the greatest common factor of r and n.
19
Suppose -5*j + 4*k + 78 = 0, -5*k = j - 0*j - 4. Suppose -43 - 13 = -j*u. Let h = 44 + -4. What is the greatest common factor of h and u?
4
Let n(f) = 14*f + 159. Let q be n(-11). What is the highest common factor of q and 10?
5
Let u(t) = t**2 - t - 25. Let m be u(6). Let r be (0 + -19*1)/(m/(-30)). What is the highest common factor of 19 and r?
19
Let n be (-20)/(-3)*12/8. Suppose -6*m = -n*m + 140. What is the highest common divisor of m and 14?
7
Suppose -10*c + 0*c = -980. What is the greatest common divisor of 364 and c?
14
Let k(v) = v + 17. Let t be k(-8). Let u = t + -9. Suppose -2*o + u*o = -54. What is the highest common divisor of 135 and o?
27
Let z(c) = 14*c**2 + 5*c + 27. Let h be z(-10). What is the highest common factor of h and 324?
81
Let l = 1852 - 1652. Let q be (0 - -1) + 8*3. Calculate the greatest common divisor of l and q.
25
Let d = 16 - 12. Let u be 6/d - (0 + 44/(-8)). Calculate the highest common divisor of 63 and u.
7
Let z be 16 + (45/9 - 6). What is the highest common factor of 135 and z?
15
Let v = 45 + -41. Suppose -v*w = -2*l + 3*l - 33, -2*w - l = -15. What is the highest common factor of 27 and w?
9
Let j = -1039 - -1048. What is the highest common factor of 27 and j?
9
Suppose -3*u + 882 = 3*u. Calculate the greatest common factor of 21 and u.
21
Suppose -30 = -s + 2*d, 0 = 5*s - 2*d - 80 - 70. Calculate the highest common factor of 135 and s.
15
Suppose 2*l - 108 = -354. Let f(u) = -19*u - 1. Let c be f(3). Let r = c - l. Calculate the greatest common factor of 13 and r.
13
Suppose -15 = -5*t - 3*k, 0*k + k - 3 = -t. Suppose -4*s + t = -5, 0 = -g + 5*s + 68. Calculate the highest common divisor of g and 26.
26
Let n be ((-2)/(-4))/(8/80). Suppose -5*h + 20 = -5. Suppose n*b + 94 - 14 = h*d, -d - 3*b + 32 = 0. Calculate the greatest common divisor of 10 and d.
10
Suppose y - l = 7, y = 6*y + l - 65. What is the greatest common factor of y and 66?
6
Let z = -1187 - -1208. Let n = 1 - -6. Calculate the highest common factor of z and n.
7
Let j(q) = q + 23. Let t(i) = -i**3 - 12*i**2 - 18*i + 12. Let u be t(-10). Let w be j(u). What is the highest common divisor of w and 15?
15
Let a = -23 + 33. Suppose s = -p + a, -4*p + 36 = 4*s - 2*s. Let d be ((-360)/105)/((-1)/21). What is the highest common factor of d and p?
8
Let l(v) = -7*v - 4. Let t be l(-2). Let x = 45 + -35. What is the highest common factor of x and t?
10
Suppose 61 = 2*i - 6*i - 5*w, 0 = -5*i + w - 69. Let p = i - -27. Suppose -8*o - 8 = -112. What is the greatest common factor of o and p?
13
Let p = 120 - 81. Suppose -4 = -7*z + 5*z. Suppose z*l = -l + p. Calculate the highest common divisor of 117 and l.
13
Let s = -1570 + 1588. Calculate the greatest common divisor of 243 and s.
9
Let n = 236 + 15. Suppose -n = 5*j - 1056. Calculate the greatest common factor of 23 and j.
23
Let u = -168 - -170. Suppose -4*n = n - 30. Calculate the greatest common divisor of u and n.
2
Let f = -35 - -44. Suppose -5*z - 7 = -27. Let m be (8 + (-8)/z)/1. What is the greatest common divisor of f and m?
3
Let h(n) = -3*n - 1. Let v = 24 - 38. Let l be h(v). What is the greatest common divisor of l and 41?
41
Let o(l) = l**3 + l**2 - l + 2. Let b(u) = -10*u**3. Let i be b(1). Let c = -4 - i. Let z be o(c). Calculate the greatest common factor of 31 and z.
31
Let s = 947 - 887. Let o(b) = 41*b**3 - 1. Let g be o(1). What is the highest common factor of g and s?
20
Let g = 1033 + -803. Calculate the greatest common factor of g and 92.
46
Let r(b) = -57*b - 743. Let t be r(-15). Calculate the greatest common divisor of t and 392.
56
Suppose -454 = -5*m - p, 96 = m - 110*p + 105*p. Let z(x) = 4*x**2 + x - 1. Let c be z(-2). Calculate the highest common factor of m and c.
13
Let b be 3 - (-5)/((-5)/(-8)). What is the highest common divisor of b and 121?
11
Suppose 166 - 214 = -12*d. What is the greatest common divisor of 31 and d?
1
Let a = -157 + 342. Let n = a + -107. What is the greatest common divisor of 6 and n?
6
Let r be ((-6)/6)/((-2)/22). Calculate the highest common divisor of 11 and r.
11
Let v be 27 + 1 + 2 + -3. Let l be 26*2 - (-172 + 18)/(-22). Calculate the highest common divisor of v and l.
9
Supp